{"id":10,"date":"2019-07-23T09:13:34","date_gmt":"2019-07-23T13:13:34","guid":{"rendered":"https:\/\/eac-acb.ca\/seminar\/?page_id=10"},"modified":"2026-04-13T17:54:50","modified_gmt":"2026-04-13T21:54:50","slug":"home","status":"publish","type":"page","link":"https:\/\/eac-acb.ca\/seminar\/","title":{"rendered":"Home"},"content":{"rendered":"\t\t<div data-elementor-type=\"wp-page\" data-elementor-id=\"10\" class=\"elementor elementor-10\">\n\t\t\t\t<div class=\"elementor-element elementor-element-2659069 e-flex e-con-boxed wpr-particle-no wpr-jarallax-no wpr-parallax-no wpr-sticky-section-no e-con e-parent\" data-id=\"2659069\" data-element_type=\"container\" data-e-type=\"container\">\n\t\t\t\t\t<div class=\"e-con-inner\">\n\t\t<div class=\"elementor-element elementor-element-0a0dc92 e-con-full e-flex wpr-particle-no wpr-jarallax-no wpr-parallax-no wpr-sticky-section-no e-con e-child\" data-id=\"0a0dc92\" data-element_type=\"container\" data-e-type=\"container\">\n\t\t\t\t<div class=\"elementor-element elementor-element-52d59c1 wpr-dual-heading-icon-and-desc-top elementor-widget elementor-widget-wpr-dual-color-heading\" data-id=\"52d59c1\" data-element_type=\"widget\" data-e-type=\"widget\" data-widget_type=\"wpr-dual-color-heading.default\">\n\t\t\t\t\t\t\t\t<div class=\"wpr-dual-heading-wrap\">\n\t\t\t\t<div class=\"wpr-dual-title-wrap\">\n\t\t\t\t\t<h1 class=\"wpr-dual-title\">\n\t\t\t\t\t\t\t\t\t\t\t<span class=\"first\">Pacific Dreams\/<\/span>\n\t\t\t\t\t\t\t\t\t\t\n\t\t\t\t\t\t\t\t\t\t\t<span class=\"second\">R\u00eaves du Pacifique<\/span>\n\t\t\t\t\t\t\t\t\t\t<\/h1>\n\t\t\t\t<\/div>\n\t\t\t\t\n\t\t\t\t\t\t\t\t\t<div class=\"wpr-dual-heading-description\" >Seminar 2026:<\/div>\n\t\t\t\t\n\t\t\t\t\n\t\t\t<\/div>\n\t\t\t\t\t\t<\/div>\n\t\t\t\t<div class=\"elementor-element elementor-element-45648fa elementor-widget elementor-widget-heading\" data-id=\"45648fa\" data-element_type=\"widget\" data-e-type=\"widget\" data-widget_type=\"heading.default\">\n\t\t\t\t\t<h2 class=\"elementor-heading-title elementor-size-default\">Richmond, BC \u2248 May 5-10, 2026<\/h2>\t\t\t\t<\/div>\n\t\t\t\t<\/div>\n\t\t<div class=\"elementor-element elementor-element-efd9bd9 e-con-full e-flex wpr-particle-no wpr-jarallax-no wpr-parallax-no wpr-sticky-section-no e-con e-child\" data-id=\"efd9bd9\" data-element_type=\"container\" data-e-type=\"container\">\n\t\t\t\t<div class=\"elementor-element elementor-element-1d23f73 elementor-widget elementor-widget-image\" data-id=\"1d23f73\" data-element_type=\"widget\" data-e-type=\"widget\" data-widget_type=\"image.default\">\n\t\t\t\t\t\t\t\t\t\t\t\t<figure class=\"wp-caption\">\n\t\t\t\t\t\t\t\t\t\t<img fetchpriority=\"high\" decoding=\"async\" width=\"800\" height=\"495\" src=\"https:\/\/eac-acb.ca\/seminar\/wp-content\/uploads\/2025\/05\/SusnsetFromMetroVancouver_MikeBenna_Unsplash-1024x634.jpg\" class=\"attachment-large size-large wp-image-12133\" alt=\"\" srcset=\"https:\/\/eac-acb.ca\/seminar\/wp-content\/uploads\/2025\/05\/SusnsetFromMetroVancouver_MikeBenna_Unsplash-1024x634.jpg 1024w, https:\/\/eac-acb.ca\/seminar\/wp-content\/uploads\/2025\/05\/SusnsetFromMetroVancouver_MikeBenna_Unsplash-300x186.jpg 300w, https:\/\/eac-acb.ca\/seminar\/wp-content\/uploads\/2025\/05\/SusnsetFromMetroVancouver_MikeBenna_Unsplash-768x476.jpg 768w, https:\/\/eac-acb.ca\/seminar\/wp-content\/uploads\/2025\/05\/SusnsetFromMetroVancouver_MikeBenna_Unsplash-1536x951.jpg 1536w, https:\/\/eac-acb.ca\/seminar\/wp-content\/uploads\/2025\/05\/SusnsetFromMetroVancouver_MikeBenna_Unsplash-2048x1268.jpg 2048w, https:\/\/eac-acb.ca\/seminar\/wp-content\/uploads\/2025\/05\/SusnsetFromMetroVancouver_MikeBenna_Unsplash-600x372.jpg 600w\" sizes=\"(max-width: 800px) 100vw, 800px\" \/>\t\t\t\t\t\t\t\t\t\t\t<figcaption class=\"widget-image-caption wp-caption-text\">Sunset from Metro Vancouver by Mike Brenna on Unsplash<\/figcaption>\n\t\t\t\t\t\t\t\t\t\t<\/figure>\n\t\t\t\t\t\t\t\t\t<\/div>\n\t\t\t\t<\/div>\n\t\t\t\t\t<\/div>\n\t\t\t\t<\/div>\n\t\t<div class=\"elementor-element elementor-element-bbb34e4 e-flex e-con-boxed wpr-particle-no wpr-jarallax-no wpr-parallax-no wpr-sticky-section-no e-con e-parent\" data-id=\"bbb34e4\" data-element_type=\"container\" data-e-type=\"container\">\n\t\t\t\t\t<div class=\"e-con-inner\">\n\t\t<div class=\"elementor-element elementor-element-47e800f e-con-full e-flex wpr-particle-no wpr-jarallax-no wpr-parallax-no wpr-sticky-section-no e-con e-child\" data-id=\"47e800f\" data-element_type=\"container\" data-e-type=\"container\">\n\t\t\t\t<div class=\"elementor-element elementor-element-b6ced36 wpr-promo-box-style-cover elementor-widget elementor-widget-wpr-promo-box\" data-id=\"b6ced36\" data-element_type=\"widget\" data-e-type=\"widget\" data-widget_type=\"wpr-promo-box.default\">\n\t\t\t\t\t\n\t\t<div class=\"wpr-promo-box wpr-animation-wrap\">\n\n\t\t\t\t\t\t\t\n\t\t\t\t\t\t\t<div class=\"wpr-promo-box-image\">\n\t\t\t\t\t<div class=\"wpr-promo-box-bg-image wpr-bg-anim-zoom-in wpr-anim-timing-ease-default\" style=\"background-image:url(https:\/\/eac-acb.ca\/seminar\/wp-content\/plugins\/elementor\/assets\/images\/placeholder.png);\"><\/div>\n\t\t\t\t\t<div class=\"wpr-promo-box-bg-overlay wpr-border-anim-oscar\"><\/div>\n\t\t\t\t<\/div>\n\t\t\t\t\t\t\n\t\t\t<div class=\"wpr-promo-box-content\">\n\n\t\t\t\t\n\t\t\t\t<h3 class=\"wpr-promo-box-title\"><span>Seminar At-A-Glance<\/span><\/h3>\n\t\t\t\t\t\t\t\t\t<div class=\"wpr-promo-box-description\">\n\t\t\t\t\t\t<p><p>See what\u2019s happening and when during Seminar 2026!<\/p><\/p>\t\n\t\t\t\t\t<\/div>\t\t\t\t\t\t\n\t\t\t\t\n\t\t\t\t\t\t\t\t\t<div class=\"wpr-promo-box-btn-wrap\">\n\t\t\t\t\t\t<a class=\"wpr-promo-box-btn\" href=\"https:\/\/eac-acb.ca\/seminar\/seminar-at-a-glance\/\">\n\n\t\t\t\t\t\t\t\t\t\t\t\t\t\t<span class=\"wpr-promo-box-btn-text\">See the Seminar Schedule<\/span>\t\t\n\t\t\t\t\t\t\t\n\t\t\t\t\t\t\t\t\t\t\t\t\t<\/a>\n\t\t\t\t\t<\/div>\t\n\t\t\t\t\t\t\t<\/div>\n\n\t\t\t\t\t<\/div>\n\n\t\t\t\t\t\t<\/div>\n\t\t\t\t<\/div>\n\t\t<div class=\"elementor-element elementor-element-3ef0e71 e-con-full e-flex wpr-particle-no wpr-jarallax-no wpr-parallax-no wpr-sticky-section-no e-con e-child\" data-id=\"3ef0e71\" data-element_type=\"container\" data-e-type=\"container\">\n\t\t\t\t<div class=\"elementor-element elementor-element-f1c4335 wpr-promo-box-style-cover elementor-widget elementor-widget-wpr-promo-box\" data-id=\"f1c4335\" data-element_type=\"widget\" data-e-type=\"widget\" data-widget_type=\"wpr-promo-box.default\">\n\t\t\t\t\t\n\t\t<div class=\"wpr-promo-box wpr-animation-wrap\">\n\n\t\t\t\t\t\t\t\n\t\t\t\t\t\t\t<div class=\"wpr-promo-box-image\">\n\t\t\t\t\t<div class=\"wpr-promo-box-bg-image wpr-bg-anim-zoom-in wpr-anim-timing-ease-default\" style=\"background-image:url(https:\/\/eac-acb.ca\/seminar\/wp-content\/plugins\/elementor\/assets\/images\/placeholder.png);\"><\/div>\n\t\t\t\t\t<div class=\"wpr-promo-box-bg-overlay wpr-border-anim-oscar\"><\/div>\n\t\t\t\t<\/div>\n\t\t\t\t\t\t\n\t\t\t<div class=\"wpr-promo-box-content\">\n\n\t\t\t\t\n\t\t\t\t<h3 class=\"wpr-promo-box-title\"><span>Meet Our Instructors<\/span><\/h3>\n\t\t\t\t\t\t\t\t\t<div class=\"wpr-promo-box-description\">\n\t\t\t\t\t\t<p><p>We are excited to have an outstanding group of instructors sharing their designs and talents with you.<\/p><\/p>\t\n\t\t\t\t\t<\/div>\t\t\t\t\t\t\n\t\t\t\t\n\t\t\t\t\t\t\t\t\t<div class=\"wpr-promo-box-btn-wrap\">\n\t\t\t\t\t\t<a class=\"wpr-promo-box-btn\" href=\"https:\/\/eac-acb.ca\/seminar\/classes-activities\/instructors\/\">\n\n\t\t\t\t\t\t\t\t\t\t\t\t\t\t<span class=\"wpr-promo-box-btn-text\">Meet Our Instructors<\/span>\t\t\n\t\t\t\t\t\t\t\n\t\t\t\t\t\t\t\t\t\t\t\t\t<\/a>\n\t\t\t\t\t<\/div>\t\n\t\t\t\t\t\t\t<\/div>\n\n\t\t\t\t\t<\/div>\n\n\t\t\t\t\t\t<\/div>\n\t\t\t\t<\/div>\n\t\t<div class=\"elementor-element elementor-element-b97e04c e-con-full e-flex wpr-particle-no wpr-jarallax-no wpr-parallax-no wpr-sticky-section-no e-con e-child\" data-id=\"b97e04c\" data-element_type=\"container\" data-e-type=\"container\">\n\t\t\t\t<div class=\"elementor-element elementor-element-1e8d889 wpr-promo-box-style-cover elementor-widget elementor-widget-wpr-promo-box\" data-id=\"1e8d889\" data-element_type=\"widget\" data-e-type=\"widget\" data-widget_type=\"wpr-promo-box.default\">\n\t\t\t\t\t\n\t\t<div class=\"wpr-promo-box wpr-animation-wrap\">\n\n\t\t\t\t\t\t\t\n\t\t\t\t\t\t\t<div class=\"wpr-promo-box-image\">\n\t\t\t\t\t<div class=\"wpr-promo-box-bg-image wpr-bg-anim-zoom-in wpr-anim-timing-ease-default\" style=\"background-image:url(https:\/\/eac-acb.ca\/seminar\/wp-content\/plugins\/elementor\/assets\/images\/placeholder.png);\"><\/div>\n\t\t\t\t\t<div class=\"wpr-promo-box-bg-overlay wpr-border-anim-oscar\"><\/div>\n\t\t\t\t<\/div>\n\t\t\t\t\t\t\n\t\t\t<div class=\"wpr-promo-box-content\">\n\n\t\t\t\t\n\t\t\t\t<h3 class=\"wpr-promo-box-title\"><span>Dates to Remember<\/span><\/h3>\n\t\t\t\t\t\t\t\t\t<div class=\"wpr-promo-box-description\">\n\t\t\t\t\t\t<p><p>Check these dates to add to your calendar for Seminar 2026 registration, the EAC\/ACB Exhibition entries, and more.<\/p><\/p>\t\n\t\t\t\t\t<\/div>\t\t\t\t\t\t\n\t\t\t\t\n\t\t\t\t\t\t\t\t\t<div class=\"wpr-promo-box-btn-wrap\">\n\t\t\t\t\t\t<a class=\"wpr-promo-box-btn\" href=\"https:\/\/eac-acb.ca\/seminar\/dates-to-remember\/\">\n\n\t\t\t\t\t\t\t\t\t\t\t\t\t\t<span class=\"wpr-promo-box-btn-text\">Dates to Remember<\/span>\t\t\n\t\t\t\t\t\t\t\n\t\t\t\t\t\t\t\t\t\t\t\t\t<\/a>\n\t\t\t\t\t<\/div>\t\n\t\t\t\t\t\t\t<\/div>\n\n\t\t\t\t\t<\/div>\n\n\t\t\t\t\t\t<\/div>\n\t\t\t\t<\/div>\n\t\t\t\t\t<\/div>\n\t\t\t\t<\/div>\n\t\t<div class=\"elementor-element elementor-element-3f9dca4 e-flex e-con-boxed wpr-particle-no wpr-jarallax-no wpr-parallax-no wpr-sticky-section-no e-con e-parent\" data-id=\"3f9dca4\" data-element_type=\"container\" data-e-type=\"container\">\n\t\t\t\t\t<div class=\"e-con-inner\">\n\t\t<div class=\"elementor-element elementor-element-e37b03c e-con-full e-flex wpr-particle-no wpr-jarallax-no wpr-parallax-no wpr-sticky-section-no e-con e-child\" data-id=\"e37b03c\" data-element_type=\"container\" data-e-type=\"container\">\n\t\t<div class=\"elementor-element elementor-element-dcb7dc2 e-con-full e-flex wpr-particle-no wpr-jarallax-no wpr-parallax-no wpr-sticky-section-no e-con e-child\" data-id=\"dcb7dc2\" data-element_type=\"container\" data-e-type=\"container\">\n\t\t\t\t<div class=\"elementor-element elementor-element-91add5f elementor-widget elementor-widget-heading\" data-id=\"91add5f\" data-element_type=\"widget\" data-e-type=\"widget\" data-widget_type=\"heading.default\">\n\t\t\t\t\t<h2 class=\"elementor-heading-title elementor-size-default\">Join Us!<\/h2>\t\t\t\t<\/div>\n\t\t\t\t<div class=\"elementor-element elementor-element-83fd424 elementor-widget elementor-widget-text-editor\" data-id=\"83fd424\" data-element_type=\"widget\" data-e-type=\"widget\" data-widget_type=\"text-editor.default\">\n\t\t\t\t\t\t\t\t\t<p>Come join us on the west coast for a fabulous week of stitching and opportunities to explore Metro Vancouver. The seminar will be situated in central Richmond, one of the many cities that comprise Metro Vancouver, in the Executive Hotel Vancouver Airport, which is just a quick 15-minute shuttle ride from YVR.<\/p><p>Metro Vancouver is home to the City of Vancouver, 20 other cities and municipalities, and hundreds of parks, attractions, festivals, and things to do. The theme of Seminar 2026, Pacific Dreams, is meant to evoke the beauty of the Pacific Coast with its forests, mountains, and mild weather.<\/p><p>The slate of projects offers both in-person and virtual classes that provide a wide range of embroidery techniques and skill levels \u2013 there is truly something for everyone.<\/p><p>We strongly encourage you to arrive a few days ahead of the seminar (or stay a few days after) so that you have an opportunity to explore some of the amazing sites in and around Metro Vancouver.<\/p><p><em>Heather McKinnon &amp; Linda Brenner, EAC\/ACB Seminar 2026 Co-Chairs<\/em><\/p>\t\t\t\t\t\t\t\t<\/div>\n\t\t\t\t<\/div>\n\t\t<div class=\"elementor-element elementor-element-e5ca4c7 e-con-full e-flex wpr-particle-no wpr-jarallax-no wpr-parallax-no wpr-sticky-section-no e-con e-child\" data-id=\"e5ca4c7\" data-element_type=\"container\" data-e-type=\"container\">\n\t\t\t\t<div class=\"elementor-element elementor-element-83a88d9 elementor-widget elementor-widget-heading\" data-id=\"83a88d9\" data-element_type=\"widget\" data-e-type=\"widget\" data-widget_type=\"heading.default\">\n\t\t\t\t\t<h2 class=\"elementor-heading-title elementor-size-default\">Soyez des n\u00f4tres!<\/h2>\t\t\t\t<\/div>\n\t\t\t\t<div class=\"elementor-element elementor-element-d78218e elementor-widget elementor-widget-text-editor\" data-id=\"d78218e\" data-element_type=\"widget\" data-e-type=\"widget\" data-widget_type=\"text-editor.default\">\n\t\t\t\t\t\t\t\t\t<p>Rejoignez-nous sur la c\u00f4te ouest pour une fabuleuse semaine de broderie et d\u2019exploration de la r\u00e9gion m\u00e9tropolitaine de Vancouver. Le s\u00e9minaire se d\u00e9roulera dans le centre de Richmond, l\u2019une des nombreuses villes qui composent la r\u00e9gion m\u00e9tropolitaine de Vancouver, \u00e0 l\u2019Executive Hotel Vancouver Airport, qui se trouve \u00e0 15 minutes de navette de l\u2019a\u00e9roport YVR.<\/p><p>La r\u00e9gion m\u00e9tropolitaine de Vancouver abrite la ville de Vancouver, 20 autres villes et municipalit\u00e9s, des centaines de parcs, des sites d\u2019attractions, de festivals et de choses \u00e0 faire. Le th\u00e8me du s\u00e9minaire 2026, R\u00e8ves du Pacifique, \u00e9voque la beaut\u00e9 de la c\u00f4te pacifique avec ses for\u00eats, ses montagnes et son climat doux.<\/p><p>La liste des projets propose des cours en personne et en virtuel qui offrent un large \u00e9ventail de techniques de broderie et de niveaux de comp\u00e9tence \u2013 il y en a vraiment pour tous les go\u00fbts.<\/p><p>Nous vous encourageons vivement \u00e0 arriver quelques jours avant le s\u00e9minaire (ou \u00e0 rester quelques jours apr\u00e8s) afin d\u2019avoir la possibilit\u00e9 d\u2019explorer certains des sites \u00e9tonnants de la r\u00e9gion m\u00e9tropolitaine de Vancouver et de ses environs.<\/p><p><em>Heather McKinnon &amp; Linda Brenner, Copr\u00e9sidentes du s\u00e9minaire 2026 de l\u2019EAC\/ACB<\/em><\/p>\t\t\t\t\t\t\t\t<\/div>\n\t\t\t\t<\/div>\n\t\t\t\t<\/div>\n\t\t<div class=\"elementor-element elementor-element-6e36be8 e-con-full e-flex wpr-particle-no wpr-jarallax-no wpr-parallax-no wpr-sticky-section-no e-con e-child\" data-id=\"6e36be8\" data-element_type=\"container\" data-e-type=\"container\">\n\t\t<div class=\"elementor-element elementor-element-ddb5a95 e-con-full e-flex wpr-particle-no wpr-jarallax-no wpr-parallax-no wpr-sticky-section-no e-con e-child\" data-id=\"ddb5a95\" data-element_type=\"container\" data-e-type=\"container\">\n\t\t\t\t<div class=\"elementor-element elementor-element-b5e21fd elementor-widget elementor-widget-image\" data-id=\"b5e21fd\" data-element_type=\"widget\" data-e-type=\"widget\" data-widget_type=\"image.default\">\n\t\t\t\t\t\t\t\t\t\t\t\t<figure class=\"wp-caption\">\n\t\t\t\t\t\t\t\t\t\t<img decoding=\"async\" width=\"800\" height=\"534\" src=\"https:\/\/eac-acb.ca\/seminar\/wp-content\/uploads\/2025\/05\/lucas-santos-zCoc0BhQ-Gg-unsplash-1024x683.jpg\" class=\"attachment-large size-large wp-image-12105\" alt=\"\" srcset=\"https:\/\/eac-acb.ca\/seminar\/wp-content\/uploads\/2025\/05\/lucas-santos-zCoc0BhQ-Gg-unsplash-1024x683.jpg 1024w, https:\/\/eac-acb.ca\/seminar\/wp-content\/uploads\/2025\/05\/lucas-santos-zCoc0BhQ-Gg-unsplash-300x200.jpg 300w, https:\/\/eac-acb.ca\/seminar\/wp-content\/uploads\/2025\/05\/lucas-santos-zCoc0BhQ-Gg-unsplash-768x512.jpg 768w, https:\/\/eac-acb.ca\/seminar\/wp-content\/uploads\/2025\/05\/lucas-santos-zCoc0BhQ-Gg-unsplash-1536x1024.jpg 1536w, https:\/\/eac-acb.ca\/seminar\/wp-content\/uploads\/2025\/05\/lucas-santos-zCoc0BhQ-Gg-unsplash-2048x1365.jpg 2048w, https:\/\/eac-acb.ca\/seminar\/wp-content\/uploads\/2025\/05\/lucas-santos-zCoc0BhQ-Gg-unsplash-600x400.jpg 600w\" sizes=\"(max-width: 800px) 100vw, 800px\" \/>\t\t\t\t\t\t\t\t\t\t\t<figcaption class=\"widget-image-caption wp-caption-text\">Steveston Harbour, Lucas Santos via Unsplash<\/figcaption>\n\t\t\t\t\t\t\t\t\t\t<\/figure>\n\t\t\t\t\t\t\t\t\t<\/div>\n\t\t\t\t<\/div>\n\t\t<div class=\"elementor-element elementor-element-b15bd3d e-con-full e-flex wpr-particle-no wpr-jarallax-no wpr-parallax-no wpr-sticky-section-no e-con e-child\" data-id=\"b15bd3d\" data-element_type=\"container\" data-e-type=\"container\">\n\t\t\t\t<div class=\"elementor-element elementor-element-a782e6a elementor-widget elementor-widget-image\" data-id=\"a782e6a\" data-element_type=\"widget\" data-e-type=\"widget\" data-widget_type=\"image.default\">\n\t\t\t\t\t\t\t\t\t\t\t\t<figure class=\"wp-caption\">\n\t\t\t\t\t\t\t\t\t\t<img decoding=\"async\" width=\"800\" height=\"534\" src=\"https:\/\/eac-acb.ca\/seminar\/wp-content\/uploads\/2025\/05\/dick-martin-jeX1mVsO-Ko-unsplash-1024x683.jpg\" class=\"attachment-large size-large wp-image-12082\" alt=\"\" srcset=\"https:\/\/eac-acb.ca\/seminar\/wp-content\/uploads\/2025\/05\/dick-martin-jeX1mVsO-Ko-unsplash-1024x683.jpg 1024w, https:\/\/eac-acb.ca\/seminar\/wp-content\/uploads\/2025\/05\/dick-martin-jeX1mVsO-Ko-unsplash-300x200.jpg 300w, https:\/\/eac-acb.ca\/seminar\/wp-content\/uploads\/2025\/05\/dick-martin-jeX1mVsO-Ko-unsplash-768x512.jpg 768w, https:\/\/eac-acb.ca\/seminar\/wp-content\/uploads\/2025\/05\/dick-martin-jeX1mVsO-Ko-unsplash-1536x1024.jpg 1536w, https:\/\/eac-acb.ca\/seminar\/wp-content\/uploads\/2025\/05\/dick-martin-jeX1mVsO-Ko-unsplash-2048x1365.jpg 2048w, https:\/\/eac-acb.ca\/seminar\/wp-content\/uploads\/2025\/05\/dick-martin-jeX1mVsO-Ko-unsplash-600x400.jpg 600w\" sizes=\"(max-width: 800px) 100vw, 800px\" \/>\t\t\t\t\t\t\t\t\t\t\t<figcaption class=\"widget-image-caption wp-caption-text\">This Orca is doing the LOOKY-LOO: Dick Martin (@dick42420), jeX1mVsO-Ko-unsplash<\/figcaption>\n\t\t\t\t\t\t\t\t\t\t<\/figure>\n\t\t\t\t\t\t\t\t\t<\/div>\n\t\t\t\t<\/div>\n\t\t\t\t<\/div>\n\t\t\t\t\t<\/div>\n\t\t\t\t<\/div>\n\t\t<div class=\"elementor-element elementor-element-02753f9 e-flex e-con-boxed wpr-particle-no wpr-jarallax-no wpr-parallax-no wpr-sticky-section-no e-con e-parent\" data-id=\"02753f9\" data-element_type=\"container\" data-e-type=\"container\">\n\t\t\t\t\t<div class=\"e-con-inner\">\n\t\t\t\t<div class=\"elementor-element elementor-element-0d0fc1a elementor-widget elementor-widget-image\" data-id=\"0d0fc1a\" data-element_type=\"widget\" data-e-type=\"widget\" data-widget_type=\"image.default\">\n\t\t\t\t\t\t\t\t\t\t\t\t\t\t\t\t<a href=\"https:\/\/eac-acb.ca\/seminar\/challenge\/\" target=\"_blank\">\n\t\t\t\t\t\t\t<img loading=\"lazy\" decoding=\"async\" width=\"900\" height=\"404\" src=\"https:\/\/eac-acb.ca\/seminar\/wp-content\/uploads\/2026\/01\/ChallengeBeadsCTA.jpg\" class=\"attachment-full size-full wp-image-12850\" alt=\"A sign that says, &quot;check out our bead challenge! It&#039;s open to all members,&quot; to the left of a photo of a tiny bottle with beads inside, a label that says &quot;join us in Richmond, BC,&quot; and a tag that reads &quot;2026&quot; tied to the top.\" srcset=\"https:\/\/eac-acb.ca\/seminar\/wp-content\/uploads\/2026\/01\/ChallengeBeadsCTA.jpg 900w, https:\/\/eac-acb.ca\/seminar\/wp-content\/uploads\/2026\/01\/ChallengeBeadsCTA-300x135.jpg 300w, https:\/\/eac-acb.ca\/seminar\/wp-content\/uploads\/2026\/01\/ChallengeBeadsCTA-768x345.jpg 768w, https:\/\/eac-acb.ca\/seminar\/wp-content\/uploads\/2026\/01\/ChallengeBeadsCTA-600x269.jpg 600w\" sizes=\"(max-width: 900px) 100vw, 900px\" \/>\t\t\t\t\t\t\t\t<\/a>\n\t\t\t\t\t\t\t\t\t\t\t\t\t\t\t<\/div>\n\t\t\t\t\t<\/div>\n\t\t\t\t<\/div>\n\t\t\t\t<\/div>\n\t\t","protected":false},"excerpt":{"rendered":"<p>Pacific Dreams\/ R\u00eaves du Pacifique Seminar 2026: Richmond, BC \u2248 May 5-10, 2026 Sunset from Metro Vancouver by Mike Brenna on Unsplash Seminar At-A-Glance See what\u2019s happening and when during Seminar 2026! See the Seminar Schedule Meet Our Instructors We are excited to have an outstanding group of instructors sharing their designs and talents with you. Meet Our Instructors Dates to Remember Check these dates to add to your calendar for Seminar 2026 registration, the EAC\/ACB Exhibition entries, and more. Dates to Remember Join Us! Come join us on the west coast for a fabulous week of stitching and opportunities to explore Metro Vancouver. The seminar will be situated in central Richmond, one of the many cities that comprise Metro Vancouver, in the Executive Hotel Vancouver Airport, which is just a quick 15-minute shuttle ride from YVR. Metro Vancouver is home to the City of Vancouver, 20 other cities and municipalities, and hundreds of parks, attractions, festivals, and things to do. The theme of Seminar 2026, Pacific Dreams, is meant to evoke the beauty of the Pacific Coast with its forests, mountains, and mild weather. The slate of projects offers both in-person and virtual classes that provide a wide range of embroidery techniques and skill levels \u2013 there is truly something for everyone. We strongly encourage you to arrive a few days ahead of the seminar (or stay a few days after) so that you have an opportunity to explore some of the amazing sites in and around Metro Vancouver. Heather McKinnon &amp; Linda Brenner, EAC\/ACB Seminar 2026 Co-Chairs Soyez des n\u00f4tres! Rejoignez-nous sur la c\u00f4te ouest pour une fabuleuse semaine de broderie et d\u2019exploration de la r\u00e9gion m\u00e9tropolitaine de Vancouver. Le s\u00e9minaire se d\u00e9roulera dans le centre de Richmond, l\u2019une des nombreuses villes qui composent la r\u00e9gion m\u00e9tropolitaine de Vancouver, \u00e0 l\u2019Executive Hotel Vancouver Airport, qui se trouve \u00e0 15 minutes de navette de l\u2019a\u00e9roport YVR. La r\u00e9gion m\u00e9tropolitaine de Vancouver abrite la ville de Vancouver, 20 autres villes et municipalit\u00e9s, des centaines de parcs, des sites d\u2019attractions, de festivals et de choses \u00e0 faire. Le th\u00e8me du s\u00e9minaire 2026, R\u00e8ves du Pacifique, \u00e9voque la beaut\u00e9 de la c\u00f4te pacifique avec ses for\u00eats, ses montagnes et son climat doux. La liste des projets propose des cours en personne et en virtuel qui offrent un large \u00e9ventail de techniques de broderie et de niveaux de comp\u00e9tence \u2013 il y en a vraiment pour tous les go\u00fbts. Nous vous encourageons vivement \u00e0 arriver quelques jours avant le s\u00e9minaire (ou \u00e0 rester quelques jours apr\u00e8s) afin d\u2019avoir la possibilit\u00e9 d\u2019explorer certains des sites \u00e9tonnants de la r\u00e9gion m\u00e9tropolitaine de Vancouver et de ses environs. Heather McKinnon &amp; Linda Brenner, Copr\u00e9sidentes du s\u00e9minaire 2026 de l\u2019EAC\/ACB Steveston Harbour, Lucas Santos via Unsplash This Orca is doing the LOOKY-LOO: Dick Martin (@dick42420), jeX1mVsO-Ko-unsplash<\/p>\n","protected":false},"author":1,"featured_media":0,"parent":0,"menu_order":0,"comment_status":"closed","ping_status":"closed","template":"","meta":{"_monsterinsights_skip_tracking":false,"_monsterinsights_sitenote_active":false,"_monsterinsights_sitenote_note":"","_monsterinsights_sitenote_category":0,"footnotes":""},"class_list":["post-10","page","type-page","status-publish","hentry"],"publishpress_future_action":{"enabled":false,"date":"2026-04-22 02:25:11","action":"change-status","newStatus":"draft","terms":[],"taxonomy":"","extraData":[]},"publishpress_future_workflow_manual_trigger":{"enabledWorkflows":[]},"_links":{"self":[{"href":"https:\/\/eac-acb.ca\/seminar\/wp-json\/wp\/v2\/pages\/10","targetHints":{"allow":["GET"]}}],"collection":[{"href":"https:\/\/eac-acb.ca\/seminar\/wp-json\/wp\/v2\/pages"}],"about":[{"href":"https:\/\/eac-acb.ca\/seminar\/wp-json\/wp\/v2\/types\/page"}],"author":[{"embeddable":true,"href":"https:\/\/eac-acb.ca\/seminar\/wp-json\/wp\/v2\/users\/1"}],"replies":[{"embeddable":true,"href":"https:\/\/eac-acb.ca\/seminar\/wp-json\/wp\/v2\/comments?post=10"}],"version-history":[{"count":156,"href":"https:\/\/eac-acb.ca\/seminar\/wp-json\/wp\/v2\/pages\/10\/revisions"}],"predecessor-version":[{"id":12983,"href":"https:\/\/eac-acb.ca\/seminar\/wp-json\/wp\/v2\/pages\/10\/revisions\/12983"}],"wp:attachment":[{"href":"https:\/\/eac-acb.ca\/seminar\/wp-json\/wp\/v2\/media?parent=10"}],"curies":[{"name":"wp","href":"https:\/\/api.w.org\/{rel}","templated":true}]}}